
48
Calculate the highest common factor of 72 and 12672.
72
Calculate the highest common factor of 174 and 1682.
58
What is the highest common factor of 89 and 1157?
89
Calculate the greatest common divisor of 330 and 1023.
33
What is the highest common divisor of 26 and 442?
26
What is the greatest common divisor of 45 and 435?
15
What is the highest common factor of 1518 and 18?
6
Calculate the greatest common factor of 5622 and 6.
6
What is the highest common divisor of 540 and 70?
10
What is the greatest common divisor of 4 and 7?
1
Calculate the greatest common factor of 351 and 27.
27
What is the highest common factor of 100 and 2575?
25
What is the greatest common divisor of 425 and 340?
85
What is the greatest common factor of 29 and 377?
29
Calculate the greatest common divisor of 132 and 96.
12
What is the greatest common factor of 184 and 28?
4
Calculate the highest common divisor of 33 and 4884.
33
What is the greatest common divisor of 91 and 7?
7
What is the greatest common divisor of 70 and 46060?
70
What is the greatest common factor of 114 and 38?
38
Calculate the highest common factor of 16 and 1072.
16
What is the greatest common factor of 3425 and 2329?
137
What is the highest common divisor of 76 and 2318?
38
What is the highest common divisor of 1341 and 27?
9
Calculate the greatest common divisor of 671 and 143.
11
Calculate the greatest common divisor of 69 and 5888.
23
Calculate the highest common divisor of 160 and 736.
32
Calculate the highest common factor of 1194 and 72.
6
Calculate the greatest common divisor of 55 and 3905.
55
Calculate the greatest common factor of 936 and 144.
72
Calculate the greatest common divisor of 56 and 203.
7
What is the highest common divisor of 52 and 247?
13
Calculate the highest common factor of 560 and 160.
80
Calculate the highest common factor of 2076 and 48.
12
Calculate the greatest common factor of 142 and 1917.
71
What is the greatest common divisor of 187 and 1819?
17
Calculate the highest common divisor of 306 and 85.
17
What is the greatest common factor of 24 and 356?
4
What is the greatest common divisor of 175 and 105?
35
What is the greatest common factor of 936 and 4329?
117
What is the highest common divisor of 12 and 36?
12
Calculate the highest common divisor of 348 and 36.
12
What is the highest common divisor of 51 and 65229?
51
Calculate the highest common divisor of 64 and 512.
64
What is the highest common factor of 133 and 91?
7
What is the greatest common divisor of 10052 and 28?
28
Calculate the greatest common factor of 768 and 40192.
256
Calculate the greatest common divisor of 54 and 27.
27
Calculate the greatest common factor of 31332 and 28.
28
What is the highest common factor of 89 and 89?
89
What is the highest common factor of 216 and 2952?
72
Calculate the highest common factor of 1536 and 7872.
192
What is the greatest common factor of 144 and 3552?
48
What is the highest common divisor of 1917 and 405?
27
What is the highest common factor of 10603 and 23?
23
What is the greatest common factor of 336 and 420?
84
Calculate the greatest common factor of 204 and 642.
6
What is the highest common divisor of 147 and 1813?
49
Calculate the highest common factor of 914 and 4.
2
What is the highest common factor of 10672 and 69?
23
Calculate the highest common divisor of 81 and 783.
27
What is the highest common factor of 9 and 33?
3
What is the highest common divisor of 15 and 93?
3
Calculate the highest common factor of 536 and 67.
67
Calculate the highest common divisor of 5430 and 105.
15
What is the highest common divisor of 1155 and 105?
105
What is the highest common factor of 88 and 506?
22
What is the greatest common divisor of 90 and 1050?
30
What is the greatest common divisor of 17617 and 223?
223
Calculate the greatest common divisor of 3 and 1413.
3
Calculate the greatest common factor of 23 and 368.
23
Calculate the greatest common divisor of 369 and 9.
9
What is the greatest common factor of 2430 and 630?
90
What is the greatest common divisor of 360 and 648?
72
Calculate the highest common divisor of 54 and 558.
18
What is the greatest common divisor of 36 and 270?
18
What is the highest common factor of 986 and 696?
58
What is the greatest common factor of 3599 and 295?
59
Calculate the highest common factor of 3050 and 100.
50
What is the greatest common factor of 33 and 264?
33
What is the highest common divisor of 110 and 270?
10
Calculate the greatest common factor of 14845 and 5.
5
Calculate the greatest common factor of 51 and 221.
17
Calculate the greatest common factor of 114 and 7011.
57
Calculate the greatest common divisor of 972 and 36.
36
Calculate the highest common factor of 685 and 5.
5
Calculate the greatest common factor of 494 and 52.
26
Calculate the highest common factor of 34 and 34.
34
What is the highest common factor of 18 and 135?
9
What is the greatest common factor of 71 and 3?
1
Calculate the highest common factor of 804 and 12.
12
What is the highest common divisor of 94 and 47?
47
What is the highest common divisor of 9 and 2115?
9
What is the highest common factor of 5096 and 208?
104
What is the highest common factor of 68 and 128?
4
What is the greatest common factor of 273 and 336?
21
What is the highest common divisor of 924 and 2112?
132
What is the highest common factor of 2 and 158?
2
Calculate the greatest common divisor of 99 and 9.
9
What is the greatest common divisor of 56 and 1372?
28
What is the greatest common divisor of 4 and 23?
1
What is the greatest common divisor of 204 and 1496?
68
What is the highest common factor of 260 and 104?
52
What is the highest common divisor of 78 and 18?
6
Calculate the highest common factor of 128 and 304.
16
What is the greatest common divisor of 51 and 272?
17
What is the greatest common factor of 68 and 31348?
68
What is the highest common factor of 28 and 2646?
14
Calculate the highest common divisor of 7 and 112.
7
Calculate the highest common divisor of 3420 and 270.
90
Calculate the greatest common divisor of 27 and 9.
9
Calculate the highest common factor of 50 and 30.
10
Calculate the highest common divisor of 332 and 36.
4
What is the greatest common factor of 51 and 27727?
17
Calculate the highest common divisor of 224 and 2464.
224
What is the greatest common divisor of 189 and 27?
27
What is the greatest common factor of 441 and 14?
7
Calculate the highest common divisor of 943 and 82.
41
What is the highest common factor of 5495 and 314?
157
Calculate the highest common divisor of 65 and 13.
13
What is the highest common divisor of 91 and 14287?
91
What is the greatest common factor of 1788 and 228?
12
What is the greatest common divisor of 12 and 492?
12
What is the greatest common divisor of 984 and 615?
123
Calculate the highest common factor of 280 and 56.
56
What is the greatest common factor of 4753 and 294?
49
What is the highest common divisor of 13 and 7319?
13
What is the highest common factor of 135 and 2673?
27
Calculate the greatest common divisor of 8 and 4232.
8
Calculate the highest common factor of 81 and 99.
9
What is the greatest common divisor of 3708 and 72?
36
Calculate the highest common factor of 24 and 144.
24
What is the highest common divisor of 5082 and 126?
42
Calculate the greatest common divisor of 600 and 51.
3
What is the greatest common divisor of 2585 and 705?
235
What is the highest common divisor of 25795 and 110?
55
What is the greatest common factor of 260 and 3055?
65
Calculate the greatest common divisor of 209 and 66.
11
What is the greatest common factor of 279 and 207?
9
What is the highest common divisor of 153 and 144?
9
What is the highest common divisor of 156 and 2652?
156
Calculate the greatest common factor of 26 and 637.
13
What is the greatest common factor of 114 and 38?
38
Calculate the highest common divisor of 220 and 528.
44
What is the highest common factor of 196 and 16?
4
What is the greatest common divisor of 1470 and 10?
10
What is the highest common factor of 50 and 490?
10
What is the greatest common factor of 4578 and 84?
42
What is the greatest common divisor of 29 and 2?
1
Calculate the highest common divisor of 165 and 55.
55
What is the greatest common factor of 28085 